{"id":2,"date":"2016-02-24T19:41:24","date_gmt":"2016-02-24T18:41:24","guid":{"rendered":"http:\/\/gommapiuma.eu\/?page_id=2"},"modified":"2025-02-06T08:02:46","modified_gmt":"2025-02-06T07:02:46","slug":"gommapiuma-materassi","status":"publish","type":"page","link":"https:\/\/gommapiuma.eu\/index.php\/gommapiuma-materassi\/","title":{"rendered":"Gommapiuma per materassi"},"content":{"rendered":"\n<p class=\"has-medium-font-size\">Lastre gommapiuma per materassi e divano letto<\/p>\n\n\n\n<p class=\"has-medium-font-size\">Produzione gommapiuma da materasso accoppiata e non, taglio e altezze personalizzate. Caratteristiche e densit\u00e0 per lastre da divani, cuscini da esterno, materassini da giardino e materassi singoli o matrimoniali. <\/p>\n\n\n\n<h2 class=\"wp-block-heading has-medium-font-size\">Gommapiuma materassi<\/h2>\n\n\n\n<p class=\"has-medium-font-size\">Gommapiuma per materassi da divano, misure: 80&#215;180 cm. &#8211; 100&#215;190 cm. &#8211; 120&#215;190 cm. &#8211; 140&#215;190 cm. Come densit\u00e0 iniziando dalla 18 kg\/m3 <\/p>\n\n\n\n<p class=\"has-medium-font-size\"><span style=\"font-size: 14pt;\"><\/span>Lastre gommapiuma per divani con materasso alla francese o matrimoniale, di media densit\u00e0, performanti in portanza, con memory o senza.<\/p>\n\n\n\n<p><span style=\"font-size: 14pt;\">Siamo un azienda artigiana per la lavorazione di gommapiuma operanti nel web da un decennio. Offriamo assistenza per i vostri prodotti, competenza e consegne celeri adoperando corrieri espresso per ogni localit\u00e0.<\/span><\/p>\n\n\n\n<figure class=\"wp-block-image alignleft is-resized\"><img loading=\"lazy\" decoding=\"async\" width=\"300\" height=\"241\" src=\"https:\/\/gommapiuma.eu\/wp-content\/uploads\/2019\/06\/gommapiuma-materasso-1-300x241.jpg\" alt=\"gommapiuma materasso\" class=\"wp-image-320\" style=\"width:180px\" srcset=\"https:\/\/gommapiuma.eu\/wp-content\/uploads\/2019\/06\/gommapiuma-materasso-1-300x241.jpg 300w, https:\/\/gommapiuma.eu\/wp-content\/uploads\/2019\/06\/gommapiuma-materasso-1-768x616.jpg 768w, https:\/\/gommapiuma.eu\/wp-content\/uploads\/2019\/06\/gommapiuma-materasso-1-1024x821.jpg 1024w, https:\/\/gommapiuma.eu\/wp-content\/uploads\/2019\/06\/gommapiuma-materasso-1.jpg 1817w\" sizes=\"(max-width: 300px) 100vw, 300px\" \/><\/figure>\n\n\n\n<p class=\"has-medium-font-size\">&nbsp;<span style=\"font-size: 14pt;\"><em>Gommapiuma.eu fornisce lastre gommapiuma e prodotti d&#8217;alta qualit\u00e0 per creare materassi da giardino, spiaggia, piscina o confortevoli <\/em><\/span>aree relax. <span style=\"font-size: 14pt;\"><em>Offriamo una filiera di taglio per&nbsp; ogni genere di sagomature, tagli e produzioni per <\/em><\/span>qualsiasi richiesta.<\/p>\n\n\n\n<h3 class=\"wp-block-heading has-medium-font-size\"><span style=\"font-size: 18pt;\">La nostra produzione di lastre per materassi <\/span><\/h3>\n\n\n\n<p class=\"has-medium-font-size\">lastra per materassi da esterno, densit\u00e0 18 &#8211; 20 kg\/m3 o piu alta secondo spessore richiesto.<\/p>\n\n\n\n<p class=\"has-medium-font-size\">Gommapiuma per materasso singolo 80&#215;180 cm 80&#215;190 cm a partire da una densit\u00e0 25 Kg\/m3 sino a una densit\u00e0 32 <\/p>\n\n\n\n<p class=\"has-medium-font-size\">Lastra materasso per divano letto 120&#215;190 cm spessori a scelta, densit\u00e0 flessibile o rigida<\/p>\n\n\n\n<p class=\"has-medium-font-size\">Gommapiuma per materassi da palestra 70&#215;180 cm e 80&#215;200 cm spessori da scegliere secondo altezza richiesta.<\/p>\n\n\n\n<p class=\"has-medium-font-size\">Informazioni: gommapiumaeu@gmail.com<\/p>\n\n\n\n<p class=\"has-medium-font-size\">E possibile richiedere lastre di gommapiuma con una densit\u00e0 alta, media o flessibile secondo il materasso da creare. Con un unica densit\u00e0 o in doppia densit\u00e0. Spessore disponibile per materassi da esterno a partire da 6 cm perimetro di 80&#215;190 &#8211; 100&#215;190 cm oppure 120&#215;190 cm.<\/p>\n\n\n\n<figure class=\"wp-block-image alignleft is-resized\"><img loading=\"lazy\" decoding=\"async\" width=\"300\" height=\"209\" src=\"https:\/\/gommapiuma.eu\/wp-content\/uploads\/2019\/06\/gomma-piuma-materasso-1-300x209.jpg\" alt=\"gommapiuma da materasso\" class=\"wp-image-321\" srcset=\"https:\/\/gommapiuma.eu\/wp-content\/uploads\/2019\/06\/gomma-piuma-materasso-1-300x209.jpg 300w, https:\/\/gommapiuma.eu\/wp-content\/uploads\/2019\/06\/gomma-piuma-materasso-1-768x534.jpg 768w, https:\/\/gommapiuma.eu\/wp-content\/uploads\/2019\/06\/gomma-piuma-materasso-1-1024x712.jpg 1024w, https:\/\/gommapiuma.eu\/wp-content\/uploads\/2019\/06\/gomma-piuma-materasso-1.jpg 1845w\" sizes=\"(max-width: 300px) 100vw, 300px\" \/><\/figure>\n\n\n\n<h4 class=\"wp-block-heading has-medium-font-size\">Perimetri  gommapiuma su misura<\/h4>\n\n\n\n<p class=\"has-medium-font-size\">Disponibilit\u00e0 a realizzare lastre personalizzate con densit\u00e0 media o densit\u00e0 maggiori. E possibile creare lastre accoppiate per ottimizzare consistenza materasso. <span style=\"font-size: 14pt;\">Secondo progetto \u00e8 possibile studiare un accoppiata con gommapiuma e memory foam. Soluzione da studiare in proporzione al perimetro e spessore desiderato.<\/span><\/p>\n\n\n\n<h5 class=\"wp-block-heading\">Densit\u00e0 disponibili:<\/h5>\n\n\n\n<p class=\"has-medium-font-size\">Alte densita: 35 KG\/m3 &#8211; 30Kg\/m3&nbsp; e 40 kg\/m3<\/p>\n\n\n\n<p class=\"has-medium-font-size\">Densit\u00e0 medie: 21 Kg\/m3 &#8211; 25 kg\/m3 e 28 kg\/m3<\/p>\n\n\n\n<p class=\"has-medium-font-size\">Densit\u00e0 soffici: 18 kg\/m3 e 20 kg\/m3<\/p>\n\n\n\n<p class=\"has-medium-font-size\">Se si vuole creare un materasso la scelta della densit\u00e0 determina il risultato<\/p>\n\n\n\n<p class=\"has-medium-font-size\">Per esigenze particolari disponiamo densit\u00e0 30Pk e densit\u00e0 50.<\/p>\n\n\n\n<p class=\"has-medium-font-size\"><img loading=\"lazy\" decoding=\"async\" class=\"alignleft size-thumbnail wp-image-325\" src=\"https:\/\/gommapiuma.eu\/wp-content\/uploads\/2019\/06\/memory-per-materassi-1-150x150.jpg\" alt=\"gommapiuma e memory foam\" width=\"150\" height=\"150\"><span style=\"font-size: 14pt;\">Il memory foam non pu\u00f2 essere utilizzato su spessori mini<\/span>mi a partire da 8 cm.<\/p>\n\n\n\n<p class=\"has-medium-font-size\">Gommapiuma per cuscini grandi tipo materassini esterni possono essere rivestiti con ovatta lato superiore o interamente.<\/p>\n\n\n\n<div class=\"wp-block-contact-form-7-contact-form-selector\">\n<div class=\"wpcf7 no-js\" id=\"wpcf7-f1064-o1\" lang=\"it-IT\" dir=\"ltr\">\n<div class=\"screen-reader-response\"><p role=\"status\" aria-live=\"polite\" aria-atomic=\"true\"><\/p> <ul><\/ul><\/div>\n<form action=\"\/index.php\/wp-json\/wp\/v2\/pages\/2#wpcf7-f1064-o1\" method=\"post\" class=\"wpcf7-form init\" aria-label=\"Modulo di contatto\" novalidate=\"novalidate\" data-status=\"init\">\n<div style=\"display: none;\">\n<input type=\"hidden\" name=\"_wpcf7\" value=\"1064\" \/>\n<input type=\"hidden\" name=\"_wpcf7_version\" value=\"5.9.8\" \/>\n<input type=\"hidden\" name=\"_wpcf7_locale\" value=\"it_IT\" \/>\n<input type=\"hidden\" name=\"_wpcf7_unit_tag\" value=\"wpcf7-f1064-o1\" \/>\n<input type=\"hidden\" name=\"_wpcf7_container_post\" value=\"0\" \/>\n<input type=\"hidden\" name=\"_wpcf7_posted_data_hash\" value=\"\" \/>\n<\/div>\n<p><label> Il tuo nome<br \/>\n<span class=\"wpcf7-form-control-wrap\" data-name=\"your-name\"><input size=\"40\" maxlength=\"400\" class=\"wpcf7-form-control wpcf7-text wpcf7-validates-as-required\" autocomplete=\"name\" aria-required=\"true\" aria-invalid=\"false\" value=\"\" type=\"text\" name=\"your-name\" \/><\/span> <\/label>\n<\/p>\n<p><label> La tua email<br \/>\n<span class=\"wpcf7-form-control-wrap\" data-name=\"your-email\"><input size=\"40\" maxlength=\"400\" class=\"wpcf7-form-control wpcf7-email wpcf7-validates-as-required wpcf7-text wpcf7-validates-as-email\" autocomplete=\"email\" aria-required=\"true\" aria-invalid=\"false\" value=\"\" type=\"email\" name=\"your-email\" \/><\/span> <\/label>\n<\/p>\n<p><label> Oggetto<br \/>\n<span class=\"wpcf7-form-control-wrap\" data-name=\"your-subject\"><input size=\"40\" maxlength=\"400\" class=\"wpcf7-form-control wpcf7-text wpcf7-validates-as-required\" aria-required=\"true\" aria-invalid=\"false\" value=\"\" type=\"text\" name=\"your-subject\" \/><\/span> <\/label>\n<\/p>\n<p><label> Il tuo messaggio (facoltativo)<br \/>\n<span class=\"wpcf7-form-control-wrap\" data-name=\"your-message\"><textarea cols=\"40\" rows=\"10\" maxlength=\"2000\" class=\"wpcf7-form-control wpcf7-textarea\" aria-invalid=\"false\" name=\"your-message\"><\/textarea><\/span> <\/label>\n<\/p>\n<p><input class=\"wpcf7-form-control wpcf7-submit has-spinner\" type=\"submit\" value=\"Invia\" \/><br \/>\n<span class=\"wpcf7-form-control-wrap\" data-name=\"acceptance-174\"><span class=\"wpcf7-form-control wpcf7-acceptance optional\"><span class=\"wpcf7-list-item\"><input type=\"checkbox\" name=\"acceptance-174\" value=\"1\" aria-invalid=\"false\" \/><\/span><\/span><\/span>\n<\/p><div class=\"wpcf7-response-output\" aria-hidden=\"true\"><\/div>\n<\/form>\n<\/div>\n<\/div>\n\n\n\n<p class=\"has-medium-font-size\">Per contatti e richieste informazioni:<\/p>\n\n\n\n<p class=\"has-medium-font-size\">Tel. 320 7633488  Servizio whatsapp. Rispondiamo nel pi\u00f9 breve tempo possibile. <\/p>\n\n\n\n<h5 class=\"wp-block-heading\"><span style=\"font-size: 14pt;\">gommapiumaeu@gmail.com<\/span><\/h5>\n","protected":false},"excerpt":{"rendered":"<p>Lastre gommapiuma per materassi e divano letto Produzione gommapiuma da materasso accoppiata e non, taglio e altezze personalizzate. Caratteristiche e densit\u00e0 per lastre da divani, cuscini da esterno, materassini da giardino e materassi singoli o matrimoniali. Gommapiuma materassi Gommapiuma per materassi da divano, misure: 80&#215;180 cm. &#8211; 100&#215;190 cm. &#8211; 120&#215;190 cm. &#8211; 140&#215;190 cm. [&hellip;]<\/p>\n","protected":false},"author":1,"featured_media":0,"parent":0,"menu_order":0,"comment_status":"closed","ping_status":"open","template":"","meta":{"site-sidebar-layout":"default","site-content-layout":"","ast-site-content-layout":"","site-content-style":"default","site-sidebar-style":"default","ast-global-header-display":"","ast-banner-title-visibility":"","ast-main-header-display":"","ast-hfb-above-header-display":"","ast-hfb-below-header-display":"","ast-hfb-mobile-header-display":"","site-post-title":"","ast-breadcrumbs-content":"","ast-featured-img":"","footer-sml-layout":"","theme-transparent-header-meta":"","adv-header-id-meta":"","stick-header-meta":"","header-above-stick-meta":"","header-main-stick-meta":"","header-below-stick-meta":"","astra-migrate-meta-layouts":"default","ast-page-background-enabled":"default","ast-page-background-meta":{"desktop":{"background-color":"var(--ast-global-color-4)","background-image":"","background-repeat":"repeat","background-position":"center center","background-size":"auto","background-attachment":"scroll","background-type":"","background-media":"","overlay-type":"","overlay-color":"","overlay-opacity":"","overlay-gradient":""},"tablet":{"background-color":"","background-image":"","background-repeat":"repeat","background-position":"center center","background-size":"auto","background-attachment":"scroll","background-type":"","background-media":"","overlay-type":"","overlay-color":"","overlay-opacity":"","overlay-gradient":""},"mobile":{"background-color":"","background-image":"","background-repeat":"repeat","background-position":"center center","background-size":"auto","background-attachment":"scroll","background-type":"","background-media":"","overlay-type":"","overlay-color":"","overlay-opacity":"","overlay-gradient":""}},"ast-content-background-meta":{"desktop":{"background-color":"var(--ast-global-color-5)","background-image":"","background-repeat":"repeat","background-position":"center center","background-size":"auto","background-attachment":"scroll","background-type":"","background-media":"","overlay-type":"","overlay-color":"","overlay-opacity":"","overlay-gradient":""},"tablet":{"background-color":"var(--ast-global-color-5)","background-image":"","background-repeat":"repeat","background-position":"center center","background-size":"auto","background-attachment":"scroll","background-type":"","background-media":"","overlay-type":"","overlay-color":"","overlay-opacity":"","overlay-gradient":""},"mobile":{"background-color":"var(--ast-global-color-5)","background-image":"","background-repeat":"repeat","background-position":"center center","background-size":"auto","background-attachment":"scroll","background-type":"","background-media":"","overlay-type":"","overlay-color":"","overlay-opacity":"","overlay-gradient":""}},"footnotes":""},"yoast_head":"<!-- This site is optimized with the Yoast SEO plugin v23.5 - https:\/\/yoast.com\/wordpress\/plugins\/seo\/ -->\n<title>Gommapiuma per materassi - Gommapiuma.eu<\/title>\n<meta name=\"description\" content=\"Gommapiuma per materassi su misura. Produzione lastre gommapiuma per materassi singoli o perimetri maggiori. Vendita online di gommapiuma\" \/>\n<meta name=\"robots\" content=\"index, follow, max-snippet:-1, max-image-preview:large, max-video-preview:-1\" \/>\n<link rel=\"canonical\" href=\"https:\/\/gommapiuma.eu\/index.php\/gommapiuma-materassi\/\" \/>\n<meta property=\"og:locale\" content=\"it_IT\" \/>\n<meta property=\"og:type\" content=\"article\" \/>\n<meta property=\"og:title\" content=\"Gommapiuma per materassi - Gommapiuma.eu\" \/>\n<meta property=\"og:description\" content=\"Gommapiuma per materassi su misura. Produzione lastre gommapiuma per materassi singoli o perimetri maggiori. Vendita online di gommapiuma\" \/>\n<meta property=\"og:url\" content=\"https:\/\/gommapiuma.eu\/index.php\/gommapiuma-materassi\/\" \/>\n<meta property=\"og:site_name\" content=\"Gommapiuma.eu\" \/>\n<meta property=\"article:modified_time\" content=\"2025-02-06T07:02:46+00:00\" \/>\n<meta property=\"og:image\" content=\"https:\/\/gommapiuma.eu\/wp-content\/uploads\/2019\/06\/gommapiuma-materasso-1-300x241.jpg\" \/>\n<meta name=\"twitter:card\" content=\"summary_large_image\" \/>\n<meta name=\"twitter:label1\" content=\"Tempo di lettura stimato\" \/>\n\t<meta name=\"twitter:data1\" content=\"3 minuti\" \/>\n<script type=\"application\/ld+json\" class=\"yoast-schema-graph\">{\"@context\":\"https:\/\/schema.org\",\"@graph\":[{\"@type\":\"WebPage\",\"@id\":\"https:\/\/gommapiuma.eu\/index.php\/gommapiuma-materassi\/\",\"url\":\"https:\/\/gommapiuma.eu\/index.php\/gommapiuma-materassi\/\",\"name\":\"Gommapiuma per materassi - Gommapiuma.eu\",\"isPartOf\":{\"@id\":\"https:\/\/gommapiuma.eu\/#website\"},\"primaryImageOfPage\":{\"@id\":\"https:\/\/gommapiuma.eu\/index.php\/gommapiuma-materassi\/#primaryimage\"},\"image\":{\"@id\":\"https:\/\/gommapiuma.eu\/index.php\/gommapiuma-materassi\/#primaryimage\"},\"thumbnailUrl\":\"https:\/\/gommapiuma.eu\/wp-content\/uploads\/2019\/06\/gommapiuma-materasso-1-300x241.jpg\",\"datePublished\":\"2016-02-24T18:41:24+00:00\",\"dateModified\":\"2025-02-06T07:02:46+00:00\",\"description\":\"Gommapiuma per materassi su misura. Produzione lastre gommapiuma per materassi singoli o perimetri maggiori. Vendita online di gommapiuma\",\"breadcrumb\":{\"@id\":\"https:\/\/gommapiuma.eu\/index.php\/gommapiuma-materassi\/#breadcrumb\"},\"inLanguage\":\"it-IT\",\"potentialAction\":[{\"@type\":\"ReadAction\",\"target\":[\"https:\/\/gommapiuma.eu\/index.php\/gommapiuma-materassi\/\"]}]},{\"@type\":\"ImageObject\",\"inLanguage\":\"it-IT\",\"@id\":\"https:\/\/gommapiuma.eu\/index.php\/gommapiuma-materassi\/#primaryimage\",\"url\":\"https:\/\/gommapiuma.eu\/wp-content\/uploads\/2019\/06\/gommapiuma-materasso-1.jpg\",\"contentUrl\":\"https:\/\/gommapiuma.eu\/wp-content\/uploads\/2019\/06\/gommapiuma-materasso-1.jpg\",\"width\":1817,\"height\":1457,\"caption\":\"gommapiuma materasso\"},{\"@type\":\"BreadcrumbList\",\"@id\":\"https:\/\/gommapiuma.eu\/index.php\/gommapiuma-materassi\/#breadcrumb\",\"itemListElement\":[{\"@type\":\"ListItem\",\"position\":1,\"name\":\"Home\",\"item\":\"https:\/\/gommapiuma.eu\/\"},{\"@type\":\"ListItem\",\"position\":2,\"name\":\"Gommapiuma per materassi\"}]},{\"@type\":\"WebSite\",\"@id\":\"https:\/\/gommapiuma.eu\/#website\",\"url\":\"https:\/\/gommapiuma.eu\/\",\"name\":\"Gommapiuma per cuscini e divani\",\"description\":\"Gommapiuma per tappezzeria. Spalliere o cuscini in gommapiuma per divani sono le nostre esecuzioni quotidiane per il confort della vostra casa.\",\"publisher\":{\"@id\":\"https:\/\/gommapiuma.eu\/#organization\"},\"potentialAction\":[{\"@type\":\"SearchAction\",\"target\":{\"@type\":\"EntryPoint\",\"urlTemplate\":\"https:\/\/gommapiuma.eu\/?s={search_term_string}\"},\"query-input\":{\"@type\":\"PropertyValueSpecification\",\"valueRequired\":true,\"valueName\":\"search_term_string\"}}],\"inLanguage\":\"it-IT\"},{\"@type\":\"Organization\",\"@id\":\"https:\/\/gommapiuma.eu\/#organization\",\"name\":\"gommapiuma.eu\",\"url\":\"https:\/\/gommapiuma.eu\/\",\"logo\":{\"@type\":\"ImageObject\",\"inLanguage\":\"it-IT\",\"@id\":\"https:\/\/gommapiuma.eu\/#\/schema\/logo\/image\/\",\"url\":\"https:\/\/gommapiuma.eu\/wp-content\/uploads\/2022\/01\/cropped-densita-gommapiuma-1.jpg\",\"contentUrl\":\"https:\/\/gommapiuma.eu\/wp-content\/uploads\/2022\/01\/cropped-densita-gommapiuma-1.jpg\",\"width\":1236,\"height\":520,\"caption\":\"gommapiuma.eu\"},\"image\":{\"@id\":\"https:\/\/gommapiuma.eu\/#\/schema\/logo\/image\/\"}}]}<\/script>\n<!-- \/ Yoast SEO plugin. -->","yoast_head_json":{"title":"Gommapiuma per materassi - Gommapiuma.eu","description":"Gommapiuma per materassi su misura. Produzione lastre gommapiuma per materassi singoli o perimetri maggiori. Vendita online di gommapiuma","robots":{"index":"index","follow":"follow","max-snippet":"max-snippet:-1","max-image-preview":"max-image-preview:large","max-video-preview":"max-video-preview:-1"},"canonical":"https:\/\/gommapiuma.eu\/index.php\/gommapiuma-materassi\/","og_locale":"it_IT","og_type":"article","og_title":"Gommapiuma per materassi - Gommapiuma.eu","og_description":"Gommapiuma per materassi su misura. Produzione lastre gommapiuma per materassi singoli o perimetri maggiori. Vendita online di gommapiuma","og_url":"https:\/\/gommapiuma.eu\/index.php\/gommapiuma-materassi\/","og_site_name":"Gommapiuma.eu","article_modified_time":"2025-02-06T07:02:46+00:00","og_image":[{"url":"https:\/\/gommapiuma.eu\/wp-content\/uploads\/2019\/06\/gommapiuma-materasso-1-300x241.jpg"}],"twitter_card":"summary_large_image","twitter_misc":{"Tempo di lettura stimato":"3 minuti"},"schema":{"@context":"https:\/\/schema.org","@graph":[{"@type":"WebPage","@id":"https:\/\/gommapiuma.eu\/index.php\/gommapiuma-materassi\/","url":"https:\/\/gommapiuma.eu\/index.php\/gommapiuma-materassi\/","name":"Gommapiuma per materassi - Gommapiuma.eu","isPartOf":{"@id":"https:\/\/gommapiuma.eu\/#website"},"primaryImageOfPage":{"@id":"https:\/\/gommapiuma.eu\/index.php\/gommapiuma-materassi\/#primaryimage"},"image":{"@id":"https:\/\/gommapiuma.eu\/index.php\/gommapiuma-materassi\/#primaryimage"},"thumbnailUrl":"https:\/\/gommapiuma.eu\/wp-content\/uploads\/2019\/06\/gommapiuma-materasso-1-300x241.jpg","datePublished":"2016-02-24T18:41:24+00:00","dateModified":"2025-02-06T07:02:46+00:00","description":"Gommapiuma per materassi su misura. Produzione lastre gommapiuma per materassi singoli o perimetri maggiori. Vendita online di gommapiuma","breadcrumb":{"@id":"https:\/\/gommapiuma.eu\/index.php\/gommapiuma-materassi\/#breadcrumb"},"inLanguage":"it-IT","potentialAction":[{"@type":"ReadAction","target":["https:\/\/gommapiuma.eu\/index.php\/gommapiuma-materassi\/"]}]},{"@type":"ImageObject","inLanguage":"it-IT","@id":"https:\/\/gommapiuma.eu\/index.php\/gommapiuma-materassi\/#primaryimage","url":"https:\/\/gommapiuma.eu\/wp-content\/uploads\/2019\/06\/gommapiuma-materasso-1.jpg","contentUrl":"https:\/\/gommapiuma.eu\/wp-content\/uploads\/2019\/06\/gommapiuma-materasso-1.jpg","width":1817,"height":1457,"caption":"gommapiuma materasso"},{"@type":"BreadcrumbList","@id":"https:\/\/gommapiuma.eu\/index.php\/gommapiuma-materassi\/#breadcrumb","itemListElement":[{"@type":"ListItem","position":1,"name":"Home","item":"https:\/\/gommapiuma.eu\/"},{"@type":"ListItem","position":2,"name":"Gommapiuma per materassi"}]},{"@type":"WebSite","@id":"https:\/\/gommapiuma.eu\/#website","url":"https:\/\/gommapiuma.eu\/","name":"Gommapiuma per cuscini e divani","description":"Gommapiuma per tappezzeria. Spalliere o cuscini in gommapiuma per divani sono le nostre esecuzioni quotidiane per il confort della vostra casa.","publisher":{"@id":"https:\/\/gommapiuma.eu\/#organization"},"potentialAction":[{"@type":"SearchAction","target":{"@type":"EntryPoint","urlTemplate":"https:\/\/gommapiuma.eu\/?s={search_term_string}"},"query-input":{"@type":"PropertyValueSpecification","valueRequired":true,"valueName":"search_term_string"}}],"inLanguage":"it-IT"},{"@type":"Organization","@id":"https:\/\/gommapiuma.eu\/#organization","name":"gommapiuma.eu","url":"https:\/\/gommapiuma.eu\/","logo":{"@type":"ImageObject","inLanguage":"it-IT","@id":"https:\/\/gommapiuma.eu\/#\/schema\/logo\/image\/","url":"https:\/\/gommapiuma.eu\/wp-content\/uploads\/2022\/01\/cropped-densita-gommapiuma-1.jpg","contentUrl":"https:\/\/gommapiuma.eu\/wp-content\/uploads\/2022\/01\/cropped-densita-gommapiuma-1.jpg","width":1236,"height":520,"caption":"gommapiuma.eu"},"image":{"@id":"https:\/\/gommapiuma.eu\/#\/schema\/logo\/image\/"}}]}},"_links":{"self":[{"href":"https:\/\/gommapiuma.eu\/index.php\/wp-json\/wp\/v2\/pages\/2"}],"collection":[{"href":"https:\/\/gommapiuma.eu\/index.php\/wp-json\/wp\/v2\/pages"}],"about":[{"href":"https:\/\/gommapiuma.eu\/index.php\/wp-json\/wp\/v2\/types\/page"}],"author":[{"embeddable":true,"href":"https:\/\/gommapiuma.eu\/index.php\/wp-json\/wp\/v2\/users\/1"}],"replies":[{"embeddable":true,"href":"https:\/\/gommapiuma.eu\/index.php\/wp-json\/wp\/v2\/comments?post=2"}],"version-history":[{"count":53,"href":"https:\/\/gommapiuma.eu\/index.php\/wp-json\/wp\/v2\/pages\/2\/revisions"}],"predecessor-version":[{"id":1566,"href":"https:\/\/gommapiuma.eu\/index.php\/wp-json\/wp\/v2\/pages\/2\/revisions\/1566"}],"wp:attachment":[{"href":"https:\/\/gommapiuma.eu\/index.php\/wp-json\/wp\/v2\/media?parent=2"}],"curies":[{"name":"wp","href":"https:\/\/api.w.org\/{rel}","templated":true}]}}